he greatest common divisor of 72 and a.
24
Let r be (2/4)/(1/(-38)). Let z = 5 - r. Suppose 0*g = 4*g - 144. What is the greatest common divisor of z and g?
12
Let l(y) = -2*y**3 - 8*y**2 + 11*y + 8. Let h be l(-7). Calculate the highest common divisor of h and 25.
25
Let z(w) = -17*w - 9. Let h(v) = -v - 1. Let c(o) = -6*h(o) + z(o). Let q be c(-4). Suppose -5*u = -q + 11. Calculate the highest common factor of 48 and u.
6
Let f = -9 + 19. Suppose f*p - 160 = 5*p. Calculate the greatest common divisor of p and 4.
4
Let z(i) = -i**2 + 31*i + 16. Let b be z(31). What is the greatest common divisor of b and 144?
16
Let n be ((-20)/(-3))/(2/21). Calculate the highest common divisor of 10 and n.
10
Suppose 0 = 2*t - 5*t + 4*n + 136, -4*n + 8 = 0. Let i be 3 + 0 + (-6)/(-2). Calculate the highest common factor of t and i.
6
Suppose 558 = 10*x - 8*x. Calculate the highest common factor of x and 31.
31
Let o(d) = 1 + 4*d - 4 - 2. Let r be o(4). Calculate the greatest common factor of r and 55.
11
Let b(k) = -k**3 - 9*k**2 - 12*k - 2. Let v(o) = o**3 + 10*o**2 - 10*o + 3. Let c be v(-11). Let f be b(c). Calculate the highest common divisor of 210 and f.
30
Suppose 0 = -2*v - 3*j - 16, -5*v + 2*j - 2 = -0*j. Let i be v/(-6) + 87/9. Let f = 19 - i. Calculate the greatest common divisor of f and 36.
9
Suppose 0 = 4*f + 3*z - 0*z + 618, -302 = 2*f + 5*z. Let v(t) = t + 226. Let n be v(0). Let y = f + n. What is the highest common factor of 14 and y?
14
Let q = -5 + 21. Suppose 0 = -0*g - 5*g + 240. Calculate the greatest common divisor of q and g.
16
Let t = 108 - 59. Let p be 4 + t + (3 - 1). Calculate the greatest common factor of 22 and p.
11
Let b be (-8)/20 + (-546)/(-15). Calculate the highest common divisor of 12 and b.
12
Suppose 0 = 22*f - 17*f - 65. Calculate the greatest common factor of f and 65.
13
Let v(g) = 45*g + 4. Let p be v(-3). Let c = -61 - p. Calculate the highest common factor of c and 10.
10
Let c(n) = n**2 + 5*n - 7. Let t be c(-6). Let a be (t + 4)/(6/280). Let y be 4/6 + a/6. Calculate the greatest common factor of y and 12.
12
Let f be 220/50 + 2/(-5). Suppose 6*w - 20 = w + 4*p, 0 = 4*w - p - 16. What is the highest common divisor of f and w?
4
Let b = 19 - -4. Calculate the greatest common factor of b and 253.
23
Suppose 2*u - 81 = 99. Suppose -k = -2*f - 0*f - u, 3*k - 261 = -3*f. Let l(x) = x**3 + x + 8. Let d be l(0). What is the highest common divisor of d and k?
8
Suppose h = 3*t, -5*h - 38 + 94 = -t. Suppose q = -2*q + 18. Calculate the highest common factor of q and h.
6
Suppose -189 = -3*q - 4*s + 279, 5*s = -3*q + 465. Calculate the greatest common divisor of 20 and q.
20
Let c = 11 + -9. Suppose v + v = -5*r + 3, 2*v - c = -4*r. Calculate the highest common factor of r and 8.
1
Suppose 2*k - 33 = 5*u, k + u + 11 = -2*u. Suppose k*h - 5*h = -5. Let t(o) = o**3 - 5*o**2 + 2*o. Let w be t(h). What is the highest common divisor of w and 5?
5
Let x = 8 + -11. Let r(j) = j**2 + j - 2. Let u be r(x). Suppose 119 + 21 = u*p. What is the highest common factor of 5 and p?
5
Let f(k) = k**3 - 4*k**2 - 4*k - 4. Let i be f(5). What is the greatest common divisor of 4 and i?
1
Let o(i) = -i**3 + 6*i**2 - 7*i + 5. Let p be o(4). Suppose 4*g + 3*a - 336 = 135, -3*a = p. Let q = -7 + 31. Calculate the greatest common factor of q and g.
24
Suppose -4*c + 0*c = 3*u - 68, -76 = -4*c - 5*u. Calculate the greatest common divisor of 63 and c.
7
Suppose 0 = -19*o - 26 + 159. Let h(y) = 4*y**2 - 4*y + 1. Let v be h(-3). Calculate the greatest common factor of v and o.
7
Suppose -2*i = -h - 17, 0*h + 4*h - 13 = -i. Let c(d) = -4*d + 6. Let w be c(i). Let x be (-282)/w - 2/5. Calculate the greatest common factor of x and 9.
9
Let p(w) = 2*w**2 + 3*w - 4. Let t be p(-3). Let r be t/((-1)/(-14)*1). Calculate the highest common factor of 28 and r.
14
Let k be (-28)/(-3) + 12/18. Calculate the highest common divisor of k and 5.
5
Suppose 3*w = -9, 2*w - 3*w + 47 = a. Calculate the highest common factor of 25 and a.
25
Let c(d) = d**2 - 8*d + 1. Let q be c(-4). Let j(w) = -w**2 - 2. Let b be j(4). Let m = -11 - b. Calculate the highest common divisor of q and m.
7
Let o = 22 - 10. What is the highest common factor of o and 12?
12
Suppose 0 = 3*f - 5*r - 16, 3*f + 2*f + 2*r = 6. Let c be f/6 - 35/(-3). Let p = -55 + 79. Calculate the highest common divisor of c and p.
12
Let y(w) = w**2 - 4*w - 3. Let g be y(4). Let q = g + 39. Calculate the greatest common divisor of 9 and q.
9
Suppose p - 4*f + 4 = 0, 7 = 4*f - 9. What is the highest common factor of p and 108?
12
Let h = -8 - -10. Let c be h/12 + (-143)/(-6). Calculate the greatest common factor of c and 3.
3
Suppose 3*c - 51 = -3*a + 201, -2 = -c. Suppose -26 = s - a. What is the greatest common factor of 7 and s?
7
Let v be (-1 + 1 - -1)*29. What is the highest common factor of v and 29?
29
Let z = 18 + -28. Let v(t) = -2*t + 4. Let j be v(z). Let n(p) = -p**3 + 7*p**2 + 11*p - 12. Let f be n(8). Calculate the highest common factor of j and f.
12
Suppose 6*u - 2*u + 16 = 0, 0 = w - 2*u - 10. Let v = 168 - 152. What is the highest common divisor of w and v?
2
Let k be ((-1716)/195)/(1/(-30)). Calculate the highest common divisor of k and 33.
33
Suppose 0 = u - 2*u + j - 1, 2*u = j + 2. Suppose d + 2*q - 8 = 1, -q - 20 = -3*d. Let x be 145/7 + 2/d. Calculate the highest common factor of x and u.
3
Let o = -4 - -23. Suppose -3*a = -29 - 46. Suppose -108 = -f + a. What is the greatest common divisor of f and o?
19
Suppose 5*h + t - 427 = 0, -3*t = h + 3 - 94. Calculate the greatest common factor of h and 17.
17
Let s(l) = -5*l**2 + 6*l + 6. Let u(o) = 30*o**2 - 35*o - 35. Let i(f) = 35*s(f) + 6*u(f). Let w be i(-1). Calculate the highest common divisor of 20 and w.
5
Let u = -3 + 8. Let h(l) = -3*l**3 + 4*l**2 - l - 2. Let t be h(-2). Calculate the highest common divisor of t and u.
5
Let u be (58/(-3))/(8/(-12)). Calculate the greatest common divisor of 319 and u.
29
Let s = -26 + 31. Let w(d) = 7*d**2 - 3*d + 3. Let n be w(2). Calculate the highest common divisor of n and s.
5
Suppose d = -4*d + i - 94, 3*i + 98 = -5*d. Let c be 400/14 + 9/21. Let k = d + c. What is the greatest common factor of 110 and k?
10
Let f(w) = -w**3 + 5*w**2 + 6*w + 8. Let h be f(6). Suppose 0 = 4*y - 28 + h. Suppose 79 = 2*q - 21. Calculate the highest common factor of y and q.
5
Let p be 2/3*5*3. Let a be 14/(-91) + 3126/39. What is the greatest common factor of a and p?
10
Let r(l) = -l**3 + 8*l**2 + l - 3. Let t be r(-6). Calculate the greatest common divisor of t and 55.
55
Let x be 4/((15/(-12))/(-5)). Calculate the greatest common factor of x and 24.
8
Suppose s + 0*s - 864 = -4*t, -1079 = -5*t - s. Suppose -7*d - 2*q + t = -2*d, 4*d - 2*q - 190 = 0. What is the highest common divisor of 5 and d?
5
Let z = 149 - 103. What is the greatest common divisor of 368 and z?
46
Let g = -11 - -14. Calculate the highest common divisor of 3 and g.
3
Suppose 0 = -2*o - 6, -5*o = b + 4*b - 35. Let d = 44 - 24. What is the greatest common divisor of d and b?
10
Suppose x - 1 = 4*p, -4*p - 13 = 2*x - 3. Let y = x - -5. What is the greatest common divisor of y and 2?
2
Let n(i) = -2*i**2 + 9*i + 4. Let j be n(5). Let h = j - -43. Suppose 5*p - 4*m + 6 = 36, 0 = -5*m. What is the greatest common factor of p and h?
6
Let s(h) = h**2 + 4*h + 4. Let v be 1/2 - (-5)/(-2). Let i(t) = t**3 + 2. Let j be i(v). Let p be s(j). What is the greatest common divisor of p and 64?
16
Let i(c) = 11*c**2 - 2*c + 1. Let p be 0 + 1 + (-2 - -2). Let v be i(p). What is the highest common divisor of 70 and v?
10
Let k be (-2 - -8)*2/6. Let t be (-3 + 21/k)*-8. Let w = 12 - t. Calculate the greatest common factor of 8 and w.
8
Let a(d) = -2*d - 10. Let p be a(-9). What is the greatest common divisor of 20 and p?
4
Let h = -124 + 447. Calculate the highest common divisor of h and 17.
17
Let p be 452*5/45 - 4/18. Calculate the greatest common divisor of 10 and p.
10
Let o be (-4)/6*2*-72. Let n = 13 - 8. Suppose 0 = -4*u - u - n, 4*u - 32 = -3*j. What is the greatest common divisor of o and j?
12
Suppose 74 = 9*z - 16. Calculate the greatest common factor of z and 110.
10
Suppose -k = k - 3*j + 55, 2*k = -j - 35. Let n be k/(-70) - (-220)/14. Calcul